{"id":117,"date":"2011-01-16T19:44:21","date_gmt":"2011-01-16T17:44:21","guid":{"rendered":"http:\/\/solar-energie-boden.de\/wordpress\/?page_id=117"},"modified":"2015-05-13T12:33:56","modified_gmt":"2015-05-13T10:33:56","slug":"solarthermie","status":"publish","type":"page","link":"https:\/\/www.solar-energie-boden.de\/?page_id=117","title":{"rendered":"Solarthermie"},"content":{"rendered":"<p><a href=\"http:\/\/solar-energie-boden.de\/wp-content\/uploads\/2012\/10\/moder-fertig.jpg\"><img loading=\"lazy\" decoding=\"async\" class=\"size-thumbnail wp-image-1133 alignright\" title=\"Solarthermie\" src=\"http:\/\/solar-energie-boden.de\/wp-content\/uploads\/2012\/10\/moder-fertig-150x150.jpg\" alt=\"\" width=\"150\" height=\"150\" \/><\/a>Haben Sie schon einmal dar\u00fcber nachgedacht, die W\u00e4rme der Sonne als kostenlose Unterst\u00fctzung Ihrer Heizung und zur Warmwasser-Erw\u00e4rmung zu nutzen? Eine Solar-thermischen Anlage holt Ihnen die Sonnenw\u00e4rme ins Haus.<\/p>\n<p>Wenn bei einem herk\u00f6mmlichen Heizungssystem ein \u00d6l- oder Gaskessel die W\u00e4rme erzeugt, dann kostet Sie das richtig Geld. Auch im Sommer, wenn die Heizung eigentlich kalt bleibt, springt der Kessel h\u00e4ufig an, um Sie mit warmem Wasser zu versorgen. Mit einer Solaranlage k\u00f6nnen Sie Ihren Heizkessel &#8211; und somit auch Ihr Konto &#8211; stark entlasten. Denn im Sommer erw\u00e4rmt die Solaranlage allein das Wasser und unterst\u00fctzt, wenn dann die Heizung wieder zugeschaltet wird, den Kessel auch im Heizbetrieb erheblich. Die \u00d6lpreise (und damit ihre Einsparungen) steigen\u2026 Bei fast 10 Cent pro Kilowattstunde (Ct\/kWh) sparen Sie also bares Geld.<\/p>\n<p><a href=\"http:\/\/solar-energie-boden.de\/wp-content\/uploads\/2012\/10\/Solarregler_DeltaSolBX_Plus_300x300.jpg\"><img loading=\"lazy\" decoding=\"async\" class=\"size-thumbnail wp-image-1158 alignleft\" title=\"Solarregler_DeltaSolBX_Plus\" src=\"http:\/\/solar-energie-boden.de\/wp-content\/uploads\/2012\/10\/Solarregler_DeltaSolBX_Plus_300x300-150x150.jpg\" alt=\"\" width=\"150\" height=\"150\" srcset=\"https:\/\/www.solar-energie-boden.de\/wp-content\/uploads\/2012\/10\/Solarregler_DeltaSolBX_Plus_300x300-150x150.jpg 150w, https:\/\/www.solar-energie-boden.de\/wp-content\/uploads\/2012\/10\/Solarregler_DeltaSolBX_Plus_300x300.jpg 300w\" sizes=\"auto, (max-width: 150px) 100vw, 150px\" \/><\/a>Auch in Kombination mit einer St\u00fcckholz- oder Holzpelletheizung l\u00e4sst sich die Solarenergie sehr gut nutzen: Im Sommer wird die W\u00e4rme direkt zur Warmwasserbereitung verwendet, in der \u00dcbergangszeit unterst\u00fctzt sie den Heizbetrieb und schont den Holz- bzw. Pelletvorrat. Im Winter heizen Sie dann mit der im Holz gebundenen Sonnenenergie ganz klimaneutral&#8230;<\/p>\n<p>Eine Solar-thermische Anlage kann f\u00fcr Sie ein erster Schritt in Richtung der regenerativen Energien sein. Ein durchaus lohnender Schritt.<\/p>\n<p>Wir beraten Sie gern individuell und helfen Ihnen dabei, eine f\u00fcr Sie optimale L\u00f6sung zu finden.<\/p>\n<p>&#8211; \u2026heute schon gespart? &#8211;<\/p>\n<p><a class=\"shutterset_\" href=\"http:\/\/solar-energie-boden.de\/wp-content\/gallery\/ref_st_1\/p1020970-flatter.jpg\"><img loading=\"lazy\" decoding=\"async\" class=\"ngg-singlepic ngg-none alignleft\" src=\"http:\/\/solar-energie-boden.de\/wp-content\/gallery\/ref_st_1\/thumbs\/thumbs_p1020970-flatter.jpg\" alt=\"\" width=\"100\" height=\"75\" \/><\/a><a class=\"shutterset_\" href=\"http:\/\/solar-energie-boden.de\/wp-content\/gallery\/ref_st_2\/p5030024.jpg\"><img loading=\"lazy\" decoding=\"async\" class=\"ngg-singlepic ngg-none alignleft\" src=\"http:\/\/solar-energie-boden.de\/wp-content\/gallery\/ref_st_2\/thumbs\/thumbs_p5030024.jpg\" alt=\"\" width=\"100\" height=\"75\" \/><\/a><a class=\"shutterset_\" href=\"http:\/\/solar-energie-boden.de\/wp-content\/gallery\/ref_st_6\/p5230029.jpg\"><img loading=\"lazy\" decoding=\"async\" class=\"ngg-singlepic ngg-left alignleft\" src=\"http:\/\/solar-energie-boden.de\/wp-content\/gallery\/ref_st_6\/thumbs\/thumbs_p5230029.jpg\" alt=\"\" width=\"100\" height=\"75\" \/><\/a><\/p>\n<p>&nbsp;<\/p>\n<p>&nbsp;<\/p>\n<p>Weitere <!--intlink:84:Referenzen Solarthermie--><\/p>\n<p>&nbsp;<\/p>\n<h4>Infofilm zur Solarthermie:<br \/>\n<iframe loading=\"lazy\" src=\"https:\/\/www.youtube.com\/embed\/ZHT4OjHovGw\" width=\"854\" height=\"510\" frameborder=\"0\" allowfullscreen=\"allowfullscreen\"><\/iframe><\/h4>\n","protected":false},"excerpt":{"rendered":"<p>Haben Sie schon einmal dar\u00fcber nachgedacht, die W\u00e4rme der Sonne als kostenlose Unterst\u00fctzung Ihrer Heizung und zur Warmwasser-Erw\u00e4rmung zu nutzen? Eine Solar-thermischen Anlage holt Ihnen die Sonnenw\u00e4rme ins Haus. Wenn bei einem herk\u00f6mmlichen Heizungssystem ein \u00d6l- oder Gaskessel die W\u00e4rme<\/p>\n","protected":false},"author":1,"featured_media":0,"parent":878,"menu_order":0,"comment_status":"open","ping_status":"closed","template":"","meta":{"ngg_post_thumbnail":0,"footnotes":""},"class_list":["post-117","page","type-page","status-publish","hentry"],"_links":{"self":[{"href":"https:\/\/www.solar-energie-boden.de\/index.php?rest_route=\/wp\/v2\/pages\/117","targetHints":{"allow":["GET"]}}],"collection":[{"href":"https:\/\/www.solar-energie-boden.de\/index.php?rest_route=\/wp\/v2\/pages"}],"about":[{"href":"https:\/\/www.solar-energie-boden.de\/index.php?rest_route=\/wp\/v2\/types\/page"}],"author":[{"embeddable":true,"href":"https:\/\/www.solar-energie-boden.de\/index.php?rest_route=\/wp\/v2\/users\/1"}],"replies":[{"embeddable":true,"href":"https:\/\/www.solar-energie-boden.de\/index.php?rest_route=%2Fwp%2Fv2%2Fcomments&post=117"}],"version-history":[{"count":3,"href":"https:\/\/www.solar-energie-boden.de\/index.php?rest_route=\/wp\/v2\/pages\/117\/revisions"}],"predecessor-version":[{"id":1560,"href":"https:\/\/www.solar-energie-boden.de\/index.php?rest_route=\/wp\/v2\/pages\/117\/revisions\/1560"}],"up":[{"embeddable":true,"href":"https:\/\/www.solar-energie-boden.de\/index.php?rest_route=\/wp\/v2\/pages\/878"}],"wp:attachment":[{"href":"https:\/\/www.solar-energie-boden.de\/index.php?rest_route=%2Fwp%2Fv2%2Fmedia&parent=117"}],"curies":[{"name":"wp","href":"https:\/\/api.w.org\/{rel}","templated":true}]}}