{"id":1805,"date":"2022-04-14T15:23:49","date_gmt":"2022-04-14T13:23:49","guid":{"rendered":"http:\/\/www.solar-energie-boden.de\/?page_id=1805"},"modified":"2024-02-07T09:52:32","modified_gmt":"2024-02-07T07:52:32","slug":"colibri-wp","status":"publish","type":"page","link":"https:\/\/www.solar-energie-boden.de\/","title":{"rendered":"[Home]"},"content":{"rendered":"\n<div class=\"wp-block-columns is-layout-flex wp-container-core-columns-is-layout-28f84493 wp-block-columns-is-layout-flex\">\n<div class=\"wp-block-column is-layout-flow wp-block-column-is-layout-flow\">\n<p><strong>Ausbildung + Jobs<\/strong><\/p>\n\n\n\n<figure class=\"wp-block-image size-large is-resized\"><a href=\"https:\/\/www.solar-energie-boden.de\/?page_id=1914\"><img loading=\"lazy\" decoding=\"async\" width=\"1024\" height=\"768\" src=\"https:\/\/www.solar-energie-boden.de\/wp-content\/uploads\/2022\/06\/Magnetschild_Ausbildung_screen-1024x768.png\" alt=\"\" class=\"wp-image-1910\" style=\"width:380px;height:285px\" srcset=\"https:\/\/www.solar-energie-boden.de\/wp-content\/uploads\/2022\/06\/Magnetschild_Ausbildung_screen-1024x768.png 1024w, https:\/\/www.solar-energie-boden.de\/wp-content\/uploads\/2022\/06\/Magnetschild_Ausbildung_screen-300x225.png 300w, https:\/\/www.solar-energie-boden.de\/wp-content\/uploads\/2022\/06\/Magnetschild_Ausbildung_screen-768x576.png 768w, https:\/\/www.solar-energie-boden.de\/wp-content\/uploads\/2022\/06\/Magnetschild_Ausbildung_screen-1536x1152.png 1536w, https:\/\/www.solar-energie-boden.de\/wp-content\/uploads\/2022\/06\/Magnetschild_Ausbildung_screen.png 1575w\" sizes=\"auto, (max-width: 1024px) 100vw, 1024px\" \/><\/a><\/figure>\n<\/div>\n\n\n\n<div class=\"wp-block-column is-layout-flow wp-block-column-is-layout-flow\">\n<p><strong>UVR-Heater<\/strong><\/p>\n\n\n\n<p>Unser System zur Nutzung von PV-\u00dcberschussstrom funktioniert herstellerunabh\u00e4ngig und kann flexibel auf alle Bed\u00fcrfnisse angepasst werden.<\/p>\n\n\n\n<p>Mehr Infos auf unserer Projektseite:<br \/><a href=\"http:\/\/www.uvr-heater.de\" data-type=\"URL\" data-id=\"www.uvr-heater.de\" target=\"_blank\" rel=\"noreferrer noopener\">www.uvr-heater.de<\/a><\/p>\n<\/div>\n\n\n\n<div class=\"wp-block-column is-layout-flow wp-block-column-is-layout-flow\">\n<figure class=\"wp-block-image size-large is-resized\"><img loading=\"lazy\" decoding=\"async\" width=\"1024\" height=\"880\" src=\"https:\/\/www.solar-energie-boden.de\/wp-content\/uploads\/2024\/02\/Ausbildung-1024x880.jpg\" alt=\"\" class=\"wp-image-2010\" style=\"width:399px;height:auto\" srcset=\"https:\/\/www.solar-energie-boden.de\/wp-content\/uploads\/2024\/02\/Ausbildung-1024x880.jpg 1024w, https:\/\/www.solar-energie-boden.de\/wp-content\/uploads\/2024\/02\/Ausbildung-300x258.jpg 300w, https:\/\/www.solar-energie-boden.de\/wp-content\/uploads\/2024\/02\/Ausbildung-768x660.jpg 768w, https:\/\/www.solar-energie-boden.de\/wp-content\/uploads\/2024\/02\/Ausbildung.jpg 1311w\" sizes=\"auto, (max-width: 1024px) 100vw, 1024px\" \/><\/figure>\n<\/div>\n<\/div>\n\n\n\n<p><\/p>\n","protected":false},"excerpt":{"rendered":"<p>Ausbildung + Jobs UVR-Heater Unser System zur Nutzung von PV-\u00dcberschussstrom funktioniert herstellerunabh\u00e4ngig und kann flexibel auf alle Bed\u00fcrfnisse angepasst werden. Mehr Infos auf unserer Projektseite:www.uvr-heater.de<\/p>\n","protected":false},"author":1,"featured_media":0,"parent":0,"menu_order":0,"comment_status":"closed","ping_status":"closed","template":"","meta":{"ngg_post_thumbnail":0,"footnotes":""},"class_list":["post-1805","page","type-page","status-publish","hentry"],"_links":{"self":[{"href":"https:\/\/www.solar-energie-boden.de\/index.php?rest_route=\/wp\/v2\/pages\/1805","targetHints":{"allow":["GET"]}}],"collection":[{"href":"https:\/\/www.solar-energie-boden.de\/index.php?rest_route=\/wp\/v2\/pages"}],"about":[{"href":"https:\/\/www.solar-energie-boden.de\/index.php?rest_route=\/wp\/v2\/types\/page"}],"author":[{"embeddable":true,"href":"https:\/\/www.solar-energie-boden.de\/index.php?rest_route=\/wp\/v2\/users\/1"}],"replies":[{"embeddable":true,"href":"https:\/\/www.solar-energie-boden.de\/index.php?rest_route=%2Fwp%2Fv2%2Fcomments&post=1805"}],"version-history":[{"count":6,"href":"https:\/\/www.solar-energie-boden.de\/index.php?rest_route=\/wp\/v2\/pages\/1805\/revisions"}],"predecessor-version":[{"id":2021,"href":"https:\/\/www.solar-energie-boden.de\/index.php?rest_route=\/wp\/v2\/pages\/1805\/revisions\/2021"}],"wp:attachment":[{"href":"https:\/\/www.solar-energie-boden.de\/index.php?rest_route=%2Fwp%2Fv2%2Fmedia&parent=1805"}],"curies":[{"name":"wp","href":"https:\/\/api.w.org\/{rel}","templated":true}]}}