{"id":1914,"date":"2022-06-15T11:40:58","date_gmt":"2022-06-15T09:40:58","guid":{"rendered":"http:\/\/www.solar-energie-boden.de\/?page_id=1914"},"modified":"2024-05-03T16:27:24","modified_gmt":"2024-05-03T14:27:24","slug":"jobs","status":"publish","type":"page","link":"https:\/\/www.solar-energie-boden.de\/?page_id=1914","title":{"rendered":"Ausbildung\/Jobs"},"content":{"rendered":"\n<p>Wir suchen Dich zum Gelingen der Energiewende &#8211; also als ENERGIE WENDE MACHER ! <\/p>\n\n\n\n<p class=\"has-luminous-vivid-orange-color has-text-color has-link-color wp-elements-e5307610fc27182a3b5c2fca249988a3\"><strong>Ausbildung<\/strong><\/p>\n\n\n\n<p><em><strong>Wir bilden Dich zum &#8222;Elektroniker &#8211; Fachrichtung Energie- und Geb\u00e4udetechnik&#8220; aus.<\/strong><\/em> Dir sind bei uns vielf\u00e4ltige und spannende Aufgaben sicher. Die Ausbildung vermittelt die notwendigen fachlichen Kenntnisse, die Praxis vertieft und spezialisiert dieses Wissen.<\/p>\n\n\n\n<p>Voraussetzung daf\u00fcr ist ein technisches Grundverst\u00e4ndnis und die Bereitschaft, als &#8222;Handwerker mit K\u00f6pfchen&#8220; voll durchzustarten. Vern\u00fcnftige Schulnoten und ein menschlich guter Umgang sind ebenfalls erforderlich und erleichtern den Einstieg.<\/p>\n\n\n\n<p>Ein guter Start ist auch die <strong>Ferienwerkstatt oder ein Praktikum bei uns<\/strong>. Dazu gib es bald n\u00e4here Infos an dieser Stelle. Hinterlasse uns gern Deine Kontaktdaten, um auf dem Laufenden zu bleiben oder melde Dich noch heute und lerne uns kennen. <\/p>\n\n\n\n<p class=\"has-luminous-vivid-orange-color has-text-color has-link-color wp-elements-c73af3e291c61052aa93baea851dd862\"><strong>Berufseinstieg \/ Umstieg \/ Quereinsteiger<\/strong><\/p>\n\n\n\n<figure class=\"wp-block-image alignleft size-medium is-resized\"><img loading=\"lazy\" decoding=\"async\" width=\"300\" height=\"300\" src=\"https:\/\/www.solar-energie-boden.de\/wp-content\/uploads\/2024\/02\/Helle_Birne-300x300.jpg\" alt=\"\" class=\"wp-image-2012\" style=\"width:175px;height:auto\" srcset=\"https:\/\/www.solar-energie-boden.de\/wp-content\/uploads\/2024\/02\/Helle_Birne-300x300.jpg 300w, https:\/\/www.solar-energie-boden.de\/wp-content\/uploads\/2024\/02\/Helle_Birne-1024x1024.jpg 1024w, https:\/\/www.solar-energie-boden.de\/wp-content\/uploads\/2024\/02\/Helle_Birne-150x150.jpg 150w, https:\/\/www.solar-energie-boden.de\/wp-content\/uploads\/2024\/02\/Helle_Birne-768x768.jpg 768w, https:\/\/www.solar-energie-boden.de\/wp-content\/uploads\/2024\/02\/Helle_Birne-270x270.jpg 270w, https:\/\/www.solar-energie-boden.de\/wp-content\/uploads\/2024\/02\/Helle_Birne-230x230.jpg 230w, https:\/\/www.solar-energie-boden.de\/wp-content\/uploads\/2024\/02\/Helle_Birne.jpg 1148w\" sizes=\"auto, (max-width: 300px) 100vw, 300px\" \/><\/figure>\n\n\n\n<p><strong><em>Wir suchen engagierte &#8222;Energie Wende Macher&#8220; als Installateur, Techniker, Servicetechniker,&#8230; <\/em><\/strong>Je nach fachlicher Qualifikation und evtl. Berufserfahrung bieten wir eine gute Einarbeitung und passende Weiterbildungen.<\/p>\n\n\n\n<p>Voraussetzung daf\u00fcr ist ein gutes technisches Grundverst\u00e4ndnis und die Bereitschaft, sich auf die komplexen Anforderungen der aktuellen Technik einzulassen. Eine abgeschlossene Berufsausbildung oder ein Studium in einem technischen Bereich sind ein absoluter Pluspunkt. Notwendig sind auch ein PKW-F\u00fchrerschein, Teamf\u00e4higkeit sowie ein guter menschlicher Umgang.<\/p>\n\n\n\n<p>.  <\/p>\n\n\n\n<p>Link zum Detail-Stellenprofil <a href=\"https:\/\/sellwerk.de\/stellenangebote\/ccf9cc13-1b49-4080-9c16-ec20a0f6da52\/be3e90e8-6348-4d00-9bb0-fb6a0f786cba\">Anlagenmechaniker.In<\/a><br \/>Link zum Detail-Stellenprofil <a href=\"https:\/\/sellwerk.de\/stellenangebote\/ccf9cc13-1b49-4080-9c16-ec20a0f6da52\/d4f9a703-ba46-41aa-a981-43ef9e9b2438\" data-type=\"link\" data-id=\"https:\/\/sellwerk.de\/stellenangebote\/ccf9cc13-1b49-4080-9c16-ec20a0f6da52\/d4f9a703-ba46-41aa-a981-43ef9e9b2438\">Servicetechniker.In<\/a><br \/>Link zum Detail-Stellenprofil <a href=\"https:\/\/sellwerk.de\/stellenangebote\/ccf9cc13-1b49-4080-9c16-ec20a0f6da52\/dc9ebbc6-c61e-462c-9942-9eeb65996a4a\" data-type=\"link\" data-id=\"https:\/\/sellwerk.de\/stellenangebote\/ccf9cc13-1b49-4080-9c16-ec20a0f6da52\/dc9ebbc6-c61e-462c-9942-9eeb65996a4a\">Elektroniker.In<\/a><\/p>\n\n\n\n<p><\/p>\n\n\n\n<p class=\"has-luminous-vivid-orange-color has-text-color has-link-color wp-elements-b16187ec98cf9e5193582b31e7c51025\"><strong>Weitere Infos<\/strong><\/p>\n\n\n\n<p>&#8230;gern in einem pers\u00f6nlichen Gespr\u00e4ch. Bitte vorher einen Termin vereinbaren. <a href=\"https:\/\/www.solar-energie-boden.de\/?page_id=62\" data-type=\"URL\" data-id=\"https:\/\/www.solar-energie-boden.de\/?page_id=62\">&gt;&gt;&gt; Kontakt<\/a><\/p>\n\n\n\n<p>Bewerbungen an: jobs@solar-energie-boden.de<\/p>\n\n\n\n<figure class=\"wp-block-image size-large\"><a href=\"https:\/\/www.solar-energie-boden.de\/wp-content\/uploads\/2022\/06\/Magnetschild_Ausbildung_screen.png\"><img loading=\"lazy\" decoding=\"async\" width=\"1024\" height=\"768\" src=\"https:\/\/www.solar-energie-boden.de\/wp-content\/uploads\/2022\/06\/Magnetschild_Ausbildung_screen-1024x768.png\" alt=\"\" class=\"wp-image-1910\" srcset=\"https:\/\/www.solar-energie-boden.de\/wp-content\/uploads\/2022\/06\/Magnetschild_Ausbildung_screen-1024x768.png 1024w, https:\/\/www.solar-energie-boden.de\/wp-content\/uploads\/2022\/06\/Magnetschild_Ausbildung_screen-300x225.png 300w, https:\/\/www.solar-energie-boden.de\/wp-content\/uploads\/2022\/06\/Magnetschild_Ausbildung_screen-768x576.png 768w, https:\/\/www.solar-energie-boden.de\/wp-content\/uploads\/2022\/06\/Magnetschild_Ausbildung_screen-1536x1152.png 1536w, https:\/\/www.solar-energie-boden.de\/wp-content\/uploads\/2022\/06\/Magnetschild_Ausbildung_screen.png 1575w\" sizes=\"auto, (max-width: 1024px) 100vw, 1024px\" \/><\/a><\/figure>\n","protected":false},"excerpt":{"rendered":"<p>Wir suchen Dich zum Gelingen der Energiewende &#8211; also als ENERGIE WENDE MACHER ! Ausbildung Wir bilden Dich zum &#8222;Elektroniker &#8211; Fachrichtung Energie- und Geb\u00e4udetechnik&#8220; aus. Dir sind bei uns vielf\u00e4ltige und spannende Aufgaben sicher. Die Ausbildung vermittelt die notwendigen<\/p>\n","protected":false},"author":1,"featured_media":0,"parent":0,"menu_order":0,"comment_status":"closed","ping_status":"closed","template":"","meta":{"ngg_post_thumbnail":0,"footnotes":""},"class_list":["post-1914","page","type-page","status-publish","hentry"],"_links":{"self":[{"href":"https:\/\/www.solar-energie-boden.de\/index.php?rest_route=\/wp\/v2\/pages\/1914","targetHints":{"allow":["GET"]}}],"collection":[{"href":"https:\/\/www.solar-energie-boden.de\/index.php?rest_route=\/wp\/v2\/pages"}],"about":[{"href":"https:\/\/www.solar-energie-boden.de\/index.php?rest_route=\/wp\/v2\/types\/page"}],"author":[{"embeddable":true,"href":"https:\/\/www.solar-energie-boden.de\/index.php?rest_route=\/wp\/v2\/users\/1"}],"replies":[{"embeddable":true,"href":"https:\/\/www.solar-energie-boden.de\/index.php?rest_route=%2Fwp%2Fv2%2Fcomments&post=1914"}],"version-history":[{"count":12,"href":"https:\/\/www.solar-energie-boden.de\/index.php?rest_route=\/wp\/v2\/pages\/1914\/revisions"}],"predecessor-version":[{"id":2028,"href":"https:\/\/www.solar-energie-boden.de\/index.php?rest_route=\/wp\/v2\/pages\/1914\/revisions\/2028"}],"wp:attachment":[{"href":"https:\/\/www.solar-energie-boden.de\/index.php?rest_route=%2Fwp%2Fv2%2Fmedia&parent=1914"}],"curies":[{"name":"wp","href":"https:\/\/api.w.org\/{rel}","templated":true}]}}