{"id":721,"date":"2012-01-25T07:37:35","date_gmt":"2012-01-25T05:37:35","guid":{"rendered":"http:\/\/www.solar-energie-boden.de\/?page_id=721"},"modified":"2012-10-03T23:35:52","modified_gmt":"2012-10-03T21:35:52","slug":"heizverteilsystem","status":"publish","type":"page","link":"https:\/\/www.solar-energie-boden.de\/?page_id=721","title":{"rendered":"Heizverteilsystem"},"content":{"rendered":"<p>Exemplarisch f\u00fcr innovative L\u00f6sungen im Bereich der Heizverteilsysteme stellen wir Ihnen hier zwei Produktvideos unseres Partners <em>VARIOTHERM<\/em> vor.<\/p>\n<p>Selbstverst\u00e4ndlich haben wir noch zahlreiche weitere L\u00f6sungen f\u00fcr Sie parat. Sprechen Sie uns an &#8211; gemeinsam finden wir die optimalste W\u00e4rmeverteilung f\u00fcr Ihr Objekt.<\/p>\n<p>http:\/\/youtu.be\/FtXNWKayG2c<\/p>\n<p>http:\/\/youtu.be\/gMuLDLPRSSY<\/p>\n","protected":false},"excerpt":{"rendered":"<p>Exemplarisch f\u00fcr innovative L\u00f6sungen im Bereich der Heizverteilsysteme stellen wir Ihnen hier zwei Produktvideos unseres Partners VARIOTHERM vor. Selbstverst\u00e4ndlich haben wir noch zahlreiche weitere L\u00f6sungen f\u00fcr Sie parat. Sprechen Sie uns an &#8211; gemeinsam finden wir die optimalste W\u00e4rmeverteilung f\u00fcr<\/p>\n","protected":false},"author":1,"featured_media":0,"parent":878,"menu_order":0,"comment_status":"closed","ping_status":"closed","template":"","meta":{"ngg_post_thumbnail":0,"footnotes":""},"class_list":["post-721","page","type-page","status-publish","hentry"],"_links":{"self":[{"href":"https:\/\/www.solar-energie-boden.de\/index.php?rest_route=\/wp\/v2\/pages\/721","targetHints":{"allow":["GET"]}}],"collection":[{"href":"https:\/\/www.solar-energie-boden.de\/index.php?rest_route=\/wp\/v2\/pages"}],"about":[{"href":"https:\/\/www.solar-energie-boden.de\/index.php?rest_route=\/wp\/v2\/types\/page"}],"author":[{"embeddable":true,"href":"https:\/\/www.solar-energie-boden.de\/index.php?rest_route=\/wp\/v2\/users\/1"}],"replies":[{"embeddable":true,"href":"https:\/\/www.solar-energie-boden.de\/index.php?rest_route=%2Fwp%2Fv2%2Fcomments&post=721"}],"version-history":[{"count":0,"href":"https:\/\/www.solar-energie-boden.de\/index.php?rest_route=\/wp\/v2\/pages\/721\/revisions"}],"up":[{"embeddable":true,"href":"https:\/\/www.solar-energie-boden.de\/index.php?rest_route=\/wp\/v2\/pages\/878"}],"wp:attachment":[{"href":"https:\/\/www.solar-energie-boden.de\/index.php?rest_route=%2Fwp%2Fv2%2Fmedia&parent=721"}],"curies":[{"name":"wp","href":"https:\/\/api.w.org\/{rel}","templated":true}]}}